*w. Suppose -3*y - 4*f + 84 = -f, w = g*y - f - 44. What is the greatest common factor of 168 and y?
24
Let r be 8/(-20) + (-172)/(-5). Let p = 43 - r. What is the greatest common divisor of 63 and p?
9
Let k = 143 - 123. Let p = -56 + 276. Suppose 4*c = 5*c - p. Calculate the greatest common factor of k and c.
20
Let w = -4 - -7. Let d = -44 - -45. Let m be ((-5)/10)/(d/24*-1). What is the greatest common factor of w and m?
3
Suppose 3*l + 5*v = 203, 3*l + 3*v - 6*v = 171. Suppose -m + l - 1 = 0. Let x = 58 + -34. What is the greatest common factor of m and x?
12
Suppose 0 = -5*s - 0*s + 180. Suppose -3*n + 16 = -5. Suppose 3*a = -4*m + 25, -2*m - n = -3*m - a. Calculate the highest common divisor of m and s.
4
Let l be (-994)/(-21) - (-2)/3. Let u = -2134 - -2254. Calculate the highest common factor of l and u.
24
Suppose -g + 5*n + 225 = 0, 2*n = 6*n. What is the highest common factor of g and 300?
75
Let f(b) = b - 2. Let p(d) = -126*d + 26. Let y(t) = -2*f(t) + p(t). Let r be y(-2). Calculate the greatest common divisor of r and 13.
13
Let v = 2664 - 753. What is the highest common factor of 21 and v?
21
Let b(a) = -6*a + 86. Let d be b(14). Let n(m) = 2*m**2 + 5*m - 2. Let s be n(-4). What is the greatest common factor of d and s?
2
Suppose -45 = -5*f + 2*f. Suppose -3*n - 134 = -494. Calculate the highest common factor of n and f.
15
Let n be 44*((-9)/(-2) + -4). Calculate the greatest common divisor of n and 704.
22
Suppose b + 11 = 440. Calculate the highest common factor of b and 39.
39
Let b = -10 + 52. Suppose h = -2*h + b. Let s be 505/4 - 1/4. Calculate the greatest common factor of s and h.
14
Suppose -g + 2*g + 95 = 4*t, 4*g + 456 = -3*t. Let s = g - -309. Let i be (1*11)/(2/4). What is the highest common factor of s and i?
22
Suppose -3*m + 372 = 2*j, 2*m - 7*m + 642 = -4*j. Calculate the greatest common factor of 27 and m.
9
Suppose 2*u = 4*r - 3*r + 969, -r = 1. Calculate the greatest common divisor of u and 44.
44
Let h be 3/1*7/3. Let c = 96 + -40. Suppose 40*k = 41*k - c. Calculate the highest common factor of k and h.
7
Let p be 8 - (-5)/(-5)*4. Let x(a) = -2*a - 14. Let w be x(-8). Calculate the highest common divisor of p and w.
2
Let x(q) = -8*q + 6. Let p be x(-6). Let j = -4174 + 4201. Calculate the greatest common factor of p and j.
27
Let w be 22 + 2 + -1 + 1. Suppose -4*k - 32 = -4*m, 52 = 5*m - k + 12. What is the highest common factor of w and m?
8
Suppose -c - 2*z + 2 = 0, -4*z = -0*c - 3*c + 26. Suppose 2*u + 15 = 99. What is the highest common factor of c and u?
6
Let t be (15/4 + -3)*68*1. What is the highest common factor of 391 and t?
17
Let v = 6 + -1. Suppose 10*r = v*r + 20. Let a = 17 - r. Calculate the greatest common divisor of a and 39.
13
Let m(r) = 1 + 11*r**2 - 3 - 6*r**2 + 3. Let h be m(1). Calculate the highest common factor of h and 6.
6
Let x be 15/((135/(-6))/5)*3. Let k be 1*(-115)/x*2. What is the highest common divisor of 115 and k?
23
Let q(b) = b**3 + 3*b**2 - 6*b - 1. Let z = -10 + 9. Let h be (-1 + z)/(9/18). Let k be q(h). What is the greatest common factor of k and 56?
7
Let o = 0 + 3. Suppose 0 = s - a - 19, 4*s = -s - 5*a + 115. Calculate the greatest common factor of s and o.
3
Suppose 0 = 15*i + 3*i - 864. What is the greatest common divisor of i and 432?
48
Let t be (-28)/12*-3 - -4. Suppose -m + t = -0. Let a(g) = -g**3 + 3*g**2 + 3*g + 2. Let y be a(3). Calculate the greatest common divisor of y and m.
11
Let u be 36/(-28) - (-4)/14. Let n be 0 + 67 + (u - 3). Suppose 0*p - p + 7 = 0. Calculate the greatest common factor of n and p.
7
Suppose -4*n - 3276 = -5*z - 6*n, -2*n = 4. What is the greatest common divisor of z and 16?
16
Let u(k) = -k - 1. Let v be u(-6). Suppose -v*o = -o - 88. Let w be 273/24 + 3/(-8). Calculate the greatest common divisor of o and w.
11
Suppose 5*a + b - 92 = 0, -2*a - 4*b + 25 + 1 = 0. Let i be 7/(-5)*(9 - a). Calculate the greatest common factor of 112 and i.
14
Let h = 7 - 7. Suppose -4*o + 40 = -h*o. Calculate the greatest common factor of 70 and o.
10
Suppose 21 = -13*z + 2465. Calculate the greatest common divisor of 4 and z.
4
Let m(q) = 261*q**2 - 6*q + 9. Let w be m(1). Suppose -2*f - 2*y + 7*y + 48 = 0, -5*y + 96 = 4*f. What is the highest common factor of w and f?
24
Suppose -22*i = -17*i - 330. Calculate the highest common divisor of i and 110.
22
Let r(l) = 4 + 0*l + 16 + l - 5. Let x be r(-10). Calculate the highest common divisor of 35 and x.
5
Suppose 8 = -2*h + 4*h. Let m be h/(-6) + 232/24. Calculate the greatest common factor of 6 and m.
3
Let u be -12*(4/5)/((-18)/30). Calculate the highest common factor of 176 and u.
16
Suppose -5*d + 1334 = -41. Calculate the greatest common factor of d and 25.
25
Suppose -46*l = -42*l - 12. Suppose -2*u + l*j = -4, 6*u - 3*u = j + 6. Calculate the highest common factor of 6 and u.
2
Let d(b) = b**2 + 14*b - 50. Let y be d(10). Calculate the highest common divisor of 20 and y.
10
Let p = 146 + -30. Calculate the greatest common factor of 4 and p.
4
Suppose -426 = 7*r - 447. What is the greatest common divisor of r and 11?
1
Let q(t) = -5*t + 5. Let u be q(-5). Let l = 106 + -108. Let a be u*((-20)/12 - l). Calculate the highest common divisor of a and 15.
5
Suppose -2*o + 188 = 2*q + 3*o, q = -5*o + 89. Calculate the highest common divisor of 198 and q.
99
Let m be (1 - 30/9)/(3/(-36)). Calculate the highest common divisor of 308 and m.
28
Let o(i) = -i**3 + 17*i**2 - 17*i - 17. Let h be o(15). Let j = h + -118. Calculate the greatest common factor of j and 15.
15
Let n(z) = 14*z**2 - 4*z - 3. Let u be n(-3). Let b = -188 - -188. Suppose b = 16*t - 50 - 190. What is the greatest common factor of t and u?
15
Let v = -922 + 926. Calculate the highest common factor of 76 and v.
4
Suppose -4*w = -226 - 494. What is the greatest common divisor of 144 and w?
36
Let x be 2/(-8) - (-13)/4. Suppose -5*j = 3*z - 805, z - x*j + 127 - 414 = 0. Suppose 2*d = 7*d - z. Calculate the greatest common factor of d and 11.
11
Let p(i) = 2*i + 9. Let w be 39/26 + 6/(-4). Let f be p(w). What is the greatest common divisor of f and 45?
9
Let b(d) = d**3 + d - 2. Let t be b(2). Let s = 91 + -87. What is the greatest common factor of t and s?
4
Suppose d - 5*z = -2*d + 23, -16 = -4*d + 3*z. Suppose 3*v - 2*v - d = 0. Let s be 9*(16/12)/v. What is the greatest common factor of 24 and s?
12
Let d = 141 + -99. Let k = -14 - -18. Suppose 0 = 5*l - 74 + k. Calculate the greatest common divisor of l and d.
14
Let r(p) = p**2 - 4*p - 1. Let c be r(-4). Let x be -1 - (-2)/3*327. What is the highest common divisor of c and x?
31
Let z be 1 - 2/4*26. Let s be (2 + -1)*(6 - z). What is the highest common divisor of 2 and s?
2
Let f(u) = -u - 10. Let q be f(-10). Suppose -d = -4*x - 272, -5*d - 5*x + 428 + 932 = q. Calculate the highest common divisor of 17 and d.
17
Suppose -4*b - 1028 = 4*o, -3*b + 4*o + 0*o = 785. Let j = b - -178. Let l be (-18)/j + (-16)/(-9). What is the highest common divisor of 2 and l?
2
Suppose -k + 3 = 2*k. Calculate the highest common factor of k and 9.
1
Suppose 4*p - 2*f = 94, 4*p - f = -2*f + 85. Let h(s) = s**2 - 14*s - 6. Let k be h(18). Calculate the highest common divisor of k and p.
22
Suppose -4*v + 92*a + 585 = 95*a, 2*a - 294 = -2*v. What is the highest common divisor of 1476 and v?
36
Let i(u) = 2*u**2 - 13*u - 37. Let b be i(9). Calculate the greatest common factor of b and 184.
8
Let z(q) = -q**3 + 62*q**2 + 31*q + 2044. Let v be z(63). Let u = 6 + 2. Calculate the greatest common divisor of u and v.
4
Let s = -2089 + 1334. Let q = s - -1304. Suppose 3*x + 60 = 3*m + 630, 0 = -3*x - 4*m + q. Calculate the highest common divisor of 17 and x.
17
Suppose 4*n - 32 = -6*s + 4*s, -n = 5*s - 89. Suppose 3*p - s = -c, 14 + 4 = 3*p - 4*c. Calculate the highest common divisor of 12 and p.
6
Let k = -1375 - -591. Let c be 2 + k/(-36) - 4/(-18). Calculate the highest common factor of c and 60.
12
Let w = 51 + -52. Let q be ((-141)/(-6) - w)*2. Calculate the highest common factor of q and 7.
7
Let y(k) = 24*k**2 - 7*k + 5. Let d be y(1). Calculate the greatest common divisor of 4 and d.
2
Let d be (20 - (0 - -1)) + 1. Let f = 126 + -46. Calculate the greatest common divisor of f and d.
20
Let z